{"id":7504,"date":"2024-03-28T18:46:23","date_gmt":"2024-03-28T17:46:23","guid":{"rendered":"http:\/\/cmvsh.fr\/Essaiswordpress\/?page_id=7504"},"modified":"2024-03-29T09:25:45","modified_gmt":"2024-03-29T08:25:45","slug":"vue-aerienne","status":"publish","type":"page","link":"https:\/\/cmvsh.fr\/Essaiswordpress\/vue-aerienne\/","title":{"rendered":"Vue int\u00e9rieure"},"content":{"rendered":"\n<p><\/p>\n\n\n\n<p>Voici une vid\u00e9o qui vous pr\u00e9sente une vue de l&rsquo;int\u00e9rieur de notre \u00e9glise.<\/p>\n\n\n\n<figure class=\"wp-block-video\"><video controls src=\"https:\/\/cmvsh.fr\/Essaiswordpress\/wp-content\/uploads\/2024\/03\/2023_12_Eglise_vue_aerienneSD_Wide_2mn32.mp4\"><\/video><\/figure>\n","protected":false},"excerpt":{"rendered":"<div class=\"slide-text-bg2\"><span>Voici une vid\u00e9o qui vous pr\u00e9sente une vue de l&rsquo;int\u00e9rieur de notre \u00e9glise.<\/span><\/div>\n","protected":false},"author":1,"featured_media":0,"parent":0,"menu_order":0,"comment_status":"closed","ping_status":"closed","template":"","meta":{"footnotes":""},"class_list":["post-7504","page","type-page","status-publish","hentry"],"_links":{"self":[{"href":"https:\/\/cmvsh.fr\/Essaiswordpress\/wp-json\/wp\/v2\/pages\/7504","targetHints":{"allow":["GET"]}}],"collection":[{"href":"https:\/\/cmvsh.fr\/Essaiswordpress\/wp-json\/wp\/v2\/pages"}],"about":[{"href":"https:\/\/cmvsh.fr\/Essaiswordpress\/wp-json\/wp\/v2\/types\/page"}],"author":[{"embeddable":true,"href":"https:\/\/cmvsh.fr\/Essaiswordpress\/wp-json\/wp\/v2\/users\/1"}],"replies":[{"embeddable":true,"href":"https:\/\/cmvsh.fr\/Essaiswordpress\/wp-json\/wp\/v2\/comments?post=7504"}],"version-history":[{"count":3,"href":"https:\/\/cmvsh.fr\/Essaiswordpress\/wp-json\/wp\/v2\/pages\/7504\/revisions"}],"predecessor-version":[{"id":7535,"href":"https:\/\/cmvsh.fr\/Essaiswordpress\/wp-json\/wp\/v2\/pages\/7504\/revisions\/7535"}],"wp:attachment":[{"href":"https:\/\/cmvsh.fr\/Essaiswordpress\/wp-json\/wp\/v2\/media?parent=7504"}],"curies":[{"name":"wp","href":"https:\/\/api.w.org\/{rel}","templated":true}]}}