{"id":5106,"date":"2020-12-04T15:38:59","date_gmt":"2020-12-04T14:38:59","guid":{"rendered":"http:\/\/cmvsh.fr\/Essaiswordpress\/?page_id=5106"},"modified":"2025-01-30T15:52:10","modified_gmt":"2025-01-30T14:52:10","slug":"les-sites-en-360","status":"publish","type":"page","link":"https:\/\/cmvsh.fr\/Essaiswordpress\/les-sites-en-360\/","title":{"rendered":"Les Sites en 360\u00b0"},"content":{"rendered":"<p>Place d&rsquo;Armes vue \u00e0 c\u00f4t\u00e9 de l&rsquo;\u00c9glise :<\/p>\n\n\n<pre class=\"wp-block-preformatted\">[360 src=\"https:\/\/cmvsh.fr\/Essaiswordpress\/wp-content\/uploads\/2021\/01\/IMG_20210116_161954_00_067-scaled.jpg\" text= \"C.M.V.S.H.\" text-position= \"-2 4 -3.5\" text-rotation= \"0 0 0\" width= \"600px\" height= \"300px\" align=\"center\" text-color= \"#aa8000\" text-width= \"10\" text-scale= \"2 2\" fov=\"80\" rotation= \"0 90 0\" orbiting-type=\" constant\" orbiting-speed=\"0 3 0\"]<\/pre>\n\n\n\n<p>Int\u00e9rieur du Calvaire :<\/p>\n\n\n\n<pre class=\"wp-block-preformatted\">[360 src=\"https:\/\/cmvsh.fr\/Essaiswordpress\/wp-content\/uploads\/2022\/03\/IMG_20220309_113024_00_169-Interieur_Calvaire-HDR-poursite-poursiteAllegee-scaled.jpg\" text= \"C.M.V.S.H.\" text-position= \"-2 4 -3.5\" text-rotation= \"0 0 0\" width= \"600px\" height= \"300px\" align=\"center\"  text-color= \"#ffffff\" text-width= \"10\" text-scale= \"1 1\" fov=\"70\" rotation= \"0 200 0\"  orbiting-type=\" constant\" orbiting-speed=\"0 -1.5 0\"]<\/pre>\n\n\n\n<p>Place d&rsquo;Armes<\/p>\n\n\n\n<pre class=\"wp-block-preformatted\">[360 src= \"https:\/\/cmvsh.fr\/Essaiswordpress\/wp-content\/uploads\/2020\/12\/IMG_20201203_154338_00_034Aplat306PlDarmeMairieCopie.jpg\" text= \"Place d'Armes\" text-position= \"-2 4 -3.5\" text-rotation= \"0 0 0\" width= \"600px\" height= \"300px\" align=\"center\"  text-color= \"#ffffff\" text-width= \"10\" text-scale= \"1 1\" fov=\"80\" rotation= \"0 -40 0\" orbiting-type=\" constant\" orbiting-speed=\"0 -1.5 0\"orbiting-type=\" constant\" orbiting-speed=\"0 1.5 0\"]<\/pre>\n\n\n\n<pre class=\"wp-block-preformatted\">Portes de Fismes :\n[360 src= \"https:\/\/cmvsh.fr\/Essaiswordpress\/wp-content\/uploads\/2020\/12\/IMG_20201203_154045_00_022AplaPortesDEFismesApresExportDunPanorama.jpg\" text= \"Portes de Fismes\" text-position= \"-2 4 -3.5\" text-rotation= \"0 0 0\" width= \"600px\" height= \"300px\" align=\"center\" &nbsp; text-color= \"#aa8000\" text-width= \"10\" text-scale= \"1 1\" fov=\"80\" rotation= \"0 0 0\" orbiting-type=\" constant\" orbiting-speed=\"0 1.5 0\"]<\/pre>\n\n\n\n<pre id=\"block-f97af666-99db-4a1d-b13a-cd222249cff7\" class=\"wp-block-preformatted\">La cavit\u00e9 Malot-Chauvaux :<\/pre>\n\n\n\n<pre class=\"wp-block-preformatted\">[360 src= \"https:\/\/cmvsh.fr\/Essaiswordpress\/wp-content\/uploads\/2020\/12\/IMG_20201203_160305_00_043MalotChauvauxAplatExporterpourunPano.jpg\" text= \"Malot Chauvaux\" text-position= \"-2 4 -3.5\" text-rotation= \"0 0 0\" width= \"600px\" height= \"300px\" align=\"center\"  text-color= \"#aa8000\" text-width= \"10\" text-scale= \"2 2\" fov=\"80\" rotation= \"0 30 0\" orbiting-type=\" constant\" orbiting-speed=\"0 -1.5 0\"]<\/pre>\n\n\n<p>[360 src=\u00a0\u00bb\/wp-content\/andrey.mikhalchuk.com\/IMG_20180101_051426_00_116-scaled.jpg\u00a0\u00bb text=\u00a0\u00bbParis, France\u00a0\u00bb align=\u00a0\u00bbleft\u00a0\u00bb width=\u00a0\u00bb200px\u00a0\u00bb height=\u00a0\u00bb200px\u00a0\u00bb margin=\u00a0\u00bb0 10px 0 0&Prime; orbiting-type=\u00a0\u00bbconstant\u00a0\u00bb orbiting-speed=\u00a0\u00bb0 -1.5 0&Prime;]<\/p>\n\n\n\n<p><\/p>\n","protected":false},"excerpt":{"rendered":"<div class=\"slide-text-bg2\"><span>Place d&rsquo;Armes vue \u00e0 c\u00f4t\u00e9 de l&rsquo;\u00c9glise :  Int\u00e9rieur du Calvaire : <\/span><\/div>\n","protected":false},"author":1,"featured_media":0,"parent":0,"menu_order":0,"comment_status":"closed","ping_status":"closed","template":"","meta":{"footnotes":""},"class_list":["post-5106","page","type-page","status-publish","hentry"],"_links":{"self":[{"href":"https:\/\/cmvsh.fr\/Essaiswordpress\/wp-json\/wp\/v2\/pages\/5106","targetHints":{"allow":["GET"]}}],"collection":[{"href":"https:\/\/cmvsh.fr\/Essaiswordpress\/wp-json\/wp\/v2\/pages"}],"about":[{"href":"https:\/\/cmvsh.fr\/Essaiswordpress\/wp-json\/wp\/v2\/types\/page"}],"author":[{"embeddable":true,"href":"https:\/\/cmvsh.fr\/Essaiswordpress\/wp-json\/wp\/v2\/users\/1"}],"replies":[{"embeddable":true,"href":"https:\/\/cmvsh.fr\/Essaiswordpress\/wp-json\/wp\/v2\/comments?post=5106"}],"version-history":[{"count":223,"href":"https:\/\/cmvsh.fr\/Essaiswordpress\/wp-json\/wp\/v2\/pages\/5106\/revisions"}],"predecessor-version":[{"id":8492,"href":"https:\/\/cmvsh.fr\/Essaiswordpress\/wp-json\/wp\/v2\/pages\/5106\/revisions\/8492"}],"wp:attachment":[{"href":"https:\/\/cmvsh.fr\/Essaiswordpress\/wp-json\/wp\/v2\/media?parent=5106"}],"curies":[{"name":"wp","href":"https:\/\/api.w.org\/{rel}","templated":true}]}}