{"id":1602,"date":"2018-02-02T18:37:38","date_gmt":"2018-02-02T17:37:38","guid":{"rendered":"http:\/\/cmvsh.fr\/Essaiswordpress\/?page_id=1602"},"modified":"2021-09-13T19:03:45","modified_gmt":"2021-09-13T17:03:45","slug":"binvenue-sur-le-site-blog","status":"publish","type":"page","link":"https:\/\/cmvsh.fr\/Essaiswordpress\/binvenue-sur-le-site-blog\/","title":{"rendered":"Prochainement:"},"content":{"rendered":"\n<figure class=\"wp-block-image size-large\"><img fetchpriority=\"high\" decoding=\"async\" width=\"307\" height=\"460\" src=\"https:\/\/cmvsh.fr\/Essaiswordpress\/wp-content\/uploads\/2021\/09\/2021_09_18-19_Journe_du_Patrimoine_affiche500x750-307x460.jpg\" alt=\"\" class=\"wp-image-5925\" srcset=\"https:\/\/cmvsh.fr\/Essaiswordpress\/wp-content\/uploads\/2021\/09\/2021_09_18-19_Journe_du_Patrimoine_affiche500x750-307x460.jpg 307w, https:\/\/cmvsh.fr\/Essaiswordpress\/wp-content\/uploads\/2021\/09\/2021_09_18-19_Journe_du_Patrimoine_affiche500x750-200x300.jpg 200w, https:\/\/cmvsh.fr\/Essaiswordpress\/wp-content\/uploads\/2021\/09\/2021_09_18-19_Journe_du_Patrimoine_affiche500x750.jpg 500w\" sizes=\"(max-width: 307px) 100vw, 307px\" \/><\/figure>\n\n\n\n<p>Bonjour \u00e0 tous,Veuillez trouver ci joint le programme des journ\u00e9es du patrimoine o\u00f9 <strong>\u00ab\u00a0Cormicy, ma ville, son histoire\u00a0\u00bb<\/strong> participe en organisant le <strong>samedi 18 septembre 2021 <\/strong>deux visites :<\/p>\n\n\n\n<p><br>\u00c0 <strong>10 heures<\/strong> rendez-vous place de la mairie de Cormicy pour la visite touristique et patrimoniale du village ( <em>dessus-dessous avec ses souterrains )<\/em>.<\/p>\n\n\n\n<p>A <strong>14 heures 30<\/strong> rendez-vous en l&rsquo;\u00e9glise Saint Cyr et Sainte Julitte \u00e0 la d\u00e9couverte des vitraux, visite comment\u00e9e et vente d&rsquo;un feuillet d\u00e9di\u00e9 (2\u20ac).<\/p>\n\n\n\n<p>Soyez nombreux \u00e0 inviter les personnes de votre entourage et faites-le savoir \u00e0 vos contacts.<\/p>\n\n\n\n<p>A bient\u00f4t.Cordialement.<\/p>\n\n\n\n<p><strong>CMVSH<\/strong>.<\/p>\n\n\n\n<p>Le pr\u00e9sident.Alain Lecomte. t\u00e9l : 06 82 28 31 08<br>Ci dessus le programme d\u00e9taill\u00e9.<\/p>\n\n\n\n<p><em><span class=\"has-inline-color has-vivid-red-color\">Merci de respecter les consignes sanitaires ( pass sanitaire et masque selon les r\u00e8gles en vigueur, en milieu ouvert et clos )<\/span><\/em><\/p>\n","protected":false},"excerpt":{"rendered":"<div class=\"slide-text-bg2\"><span>Bonjour \u00e0 tous,Veuillez trouver ci joint le programme des journ\u00e9es du patrimoine o\u00f9 \u00ab\u00a0Cormicy, ma ville, son histoire\u00a0\u00bb participe en organisant le s<\/span><\/div>\n<div class=\"slide-btn-area-sm\"><a href=\"https:\/\/cmvsh.fr\/Essaiswordpress\/binvenue-sur-le-site-blog\/\" class=\"slide-btn-sm\">Lire la suite<\/a><\/div>\n","protected":false},"author":1,"featured_media":2329,"parent":0,"menu_order":0,"comment_status":"closed","ping_status":"closed","template":"","meta":{"footnotes":""},"class_list":["post-1602","page","type-page","status-publish","has-post-thumbnail","hentry"],"_links":{"self":[{"href":"https:\/\/cmvsh.fr\/Essaiswordpress\/wp-json\/wp\/v2\/pages\/1602","targetHints":{"allow":["GET"]}}],"collection":[{"href":"https:\/\/cmvsh.fr\/Essaiswordpress\/wp-json\/wp\/v2\/pages"}],"about":[{"href":"https:\/\/cmvsh.fr\/Essaiswordpress\/wp-json\/wp\/v2\/types\/page"}],"author":[{"embeddable":true,"href":"https:\/\/cmvsh.fr\/Essaiswordpress\/wp-json\/wp\/v2\/users\/1"}],"replies":[{"embeddable":true,"href":"https:\/\/cmvsh.fr\/Essaiswordpress\/wp-json\/wp\/v2\/comments?post=1602"}],"version-history":[{"count":48,"href":"https:\/\/cmvsh.fr\/Essaiswordpress\/wp-json\/wp\/v2\/pages\/1602\/revisions"}],"predecessor-version":[{"id":5927,"href":"https:\/\/cmvsh.fr\/Essaiswordpress\/wp-json\/wp\/v2\/pages\/1602\/revisions\/5927"}],"wp:featuredmedia":[{"embeddable":true,"href":"https:\/\/cmvsh.fr\/Essaiswordpress\/wp-json\/wp\/v2\/media\/2329"}],"wp:attachment":[{"href":"https:\/\/cmvsh.fr\/Essaiswordpress\/wp-json\/wp\/v2\/media?parent=1602"}],"curies":[{"name":"wp","href":"https:\/\/api.w.org\/{rel}","templated":true}]}}